{"id":77,"date":"2023-11-25T13:16:13","date_gmt":"2023-11-25T12:16:13","guid":{"rendered":"https:\/\/ordirect.fr\/?page_id=77"},"modified":"2026-01-29T21:53:59","modified_gmt":"2026-01-29T20:53:59","slug":"services","status":"publish","type":"page","link":"https:\/\/ordirect.fr\/index.php\/services\/","title":{"rendered":"Services"},"content":{"rendered":"<p><img loading=\"lazy\" decoding=\"async\" class=\"alignnone\" src=\"https:\/\/ordirect.fr\/wp-content\/uploads\/2024\/01\/services2.jpeg\" alt=\"\" width=\"500\" height=\"283\" \/><\/p>\n<ul>\n<li style=\"text-align: left;\">Panne, blocage, lenteur, virus, r\u00e9cup\u00e9ration de donn\u00e9es<\/li>\n<li>Mot de passe oubli\u00e9<\/li>\n<li>Changement de disque dur, installation m\u00e9moire<\/li>\n<li>Aide \u00e0 l&rsquo;utilisation des smartphones et tablettes<\/li>\n<li>Ordinateurs : Interventions sur Linux et Windows<\/li>\n<li>T\u00e9l\u00e9phones : Interventions sur LineageOS et Android<\/li>\n<li>Apple : quand on est \u00e0 la campagne je d\u00e9conseille d&rsquo;utiliser un ordinateur ou un t\u00e9l\u00e9phone Apple car les sp\u00e9cialistes sont loin. Et je n&rsquo;en suis pas un&#8230;<\/li>\n<li>Configuration et gestion des sauvegardes (de la cl\u00e9 USB au NAS en passant par un cloud)<\/li>\n<li>Connexion et param\u00e9trage d&rsquo;\u00e9quipements (box, imprimante, scanner, etc.)<\/li>\n<li>Mise en place d&rsquo;un contr\u00f4le parental<\/li>\n<li>Passage aux <a href=\"..\/index.php\/les-logiciels-libres\/\">logiciels libres<\/a> et gratuits (Linux, LibreOffice, Firefox, , etc.)<\/li>\n<li>Si Linux ne suffit pas, vente d&rsquo;<a href=\"https:\/\/ordirect.fr\/index.php\/occasions\/\">ordinateurs d&rsquo;occasion<\/a> et aide \u00e0 la mise en service, optimisation mat\u00e9rielle (ajout de m\u00e9moire, changement de disque dur, etc.). Nul besoin d&rsquo;en acheter un neuf !<\/li>\n<li>Cr\u00e9ation de petits sites web<\/li>\n<li>Formation individuelle ou en groupe<\/li>\n<li>Aide aux d\u00e9marches administratives (en compl\u00e9ment de France services, voir ci-dessous)<\/li>\n<li>Liste non exhaustive. N&rsquo;h\u00e9sitez pas \u00e0 me contacter en cas de besoin.<\/li>\n<\/ul>\n<p><a href=\"https:\/\/ordirect.fr\/index.php\/tarifs\/\">Tarifs<\/a> &#8211; <a href=\"https:\/\/ordirect.fr\/index.php\/occasions\/\">Occasions<\/a>\u00a0&#8211; <a href=\"..\/index.php\/contact\/\">Contact<\/a><\/p>\n<p><strong><span style=\"font-size: 18pt;\">Ailleurs<\/span><\/strong><\/p>\n<ul>\n<li style=\"text-align: justify;\">Pour vos <strong>impressions<\/strong>, il y a <a href=\"https:\/\/www.facebook.com\/leslieuxcommuns\" target=\"_blank\" rel=\"noopener\">La Conciergerie<\/a> \u00e0 Najac qui dispose d&rsquo;un copieur\/imprimante\/scanner A4\/A3. Il y a aussi la <a href=\"https:\/\/mediatheque.lafouillade.fr\/\" target=\"_blank\" rel=\"noopener\">m\u00e9diath\u00e8que<\/a> et la <a href=\"https:\/\/la-fouillade.fr\/contact\/\" target=\"_blank\" rel=\"noopener\">mairie<\/a> de La Fouillade.<\/li>\n<li style=\"text-align: justify;\">Ouest Aveyron communaut\u00e9 propose des <strong>ateliers d\u2019initiation<\/strong> au num\u00e9rique pour niveaux d\u00e9butant et interm\u00e9diaire. Ces formations sont gratuites. Plus d&rsquo;informations <a href=\"https:\/\/www.ouestaveyron.fr\/numerique\/initiation-numerique\/\" target=\"_blank\" rel=\"noopener\">ici<\/a>.<\/li>\n<li style=\"text-align: justify;\">Pour les <strong>d\u00e9marches administratives<\/strong> en ligne, il y a les <a href=\"https:\/\/www.ouestaveyron.fr\/maisons-france-services\/\" target=\"_blank\" rel=\"noopener\">permanences<\/a> France services \u00e0 la maire de La Fouillade et aussi <a href=\"https:\/\/aveyron.famillesrurales.org\/index.php\/403\/la-rurlinette\" target=\"_blank\" rel=\"noopener\">La Rur@linette<\/a>, un camping-car France Services itin\u00e9rant qui est pr\u00e9sent les vendredis matin sur l&rsquo;esplanade de Najac.<\/li>\n<li style=\"text-align: justify;\"><strong>La fibre \u00e0 15,99 \u20ac \/ mois<\/strong> (r\u00e9serv\u00e9e aux personnes ayant un quotient familial CAF ou MSA inf\u00e9rieur ou \u00e9gal \u00e0 700\u20ac et aux b\u00e9n\u00e9ficiaires de l&rsquo;ASPA), c&rsquo;est un service qui m\u00e9rite d&rsquo;\u00eatre connu quand on sait qu&rsquo;un abonnement fibre classique chez Orange c&rsquo;est\u00a0 <a href=\"https:\/\/boutique.orange.fr\/internet\/offres-fibre\" target=\"_blank\" rel=\"noopener\">autour de 40 \u20ac \/ mois<\/a>\u00a0 apr\u00e8s les premiers mois des offres de bienvenue. Pour l&rsquo;abonnement social, voir sur <a href=\"https:\/\/boutique.orange.fr\/informations\/offre-sociale\/\" target=\"_blank\" rel=\"noopener\">orange.fr.<\/a> Lire aussi sur ordirect.fr : <a href=\"https:\/\/ordirect.fr\/index.php\/2025\/03\/24\/payer-le-prix-juste-pour-vos-forfaits-internet-et-telephone\/\" rel=\"noopener\">R\u00e9duire sa facture Internet et t\u00e9l\u00e9phone<\/a>.<\/li>\n<\/ul>\n","protected":false},"excerpt":{"rendered":"<p>Panne, blocage, lenteur, virus, r\u00e9cup\u00e9ration de donn\u00e9es Mot de passe oubli\u00e9 Changement de disque dur, installation m\u00e9moire Aide \u00e0 l&rsquo;utilisation des smartphones et tablettes Ordinateurs : Interventions sur Linux et Windows T\u00e9l\u00e9phones : Interventions sur LineageOS et Android Apple : quand on est \u00e0 la campagne je d\u00e9conseille d&rsquo;utiliser un ordinateur ou un t\u00e9l\u00e9phone Apple &#8230; <a title=\"Services\" class=\"read-more\" href=\"https:\/\/ordirect.fr\/index.php\/services\/\" aria-label=\"En savoir plus sur Services\">Lire la suite<\/a><\/p>\n","protected":false},"author":3,"featured_media":0,"parent":0,"menu_order":0,"comment_status":"closed","ping_status":"closed","template":"","meta":{"footnotes":""},"class_list":["post-77","page","type-page","status-publish"],"yoast_head":"<!-- This site is optimized with the Yoast SEO plugin v27.5 - https:\/\/yoast.com\/product\/yoast-seo-wordpress\/ -->\n<title>Services - Ordirect<\/title>\n<meta name=\"robots\" content=\"index, follow, max-snippet:-1, max-image-preview:large, max-video-preview:-1\" \/>\n<link rel=\"canonical\" href=\"https:\/\/ordirect.fr\/index.php\/services\/\" \/>\n<meta property=\"og:locale\" content=\"fr_FR\" \/>\n<meta property=\"og:type\" content=\"article\" \/>\n<meta property=\"og:title\" content=\"Services - Ordirect\" \/>\n<meta property=\"og:description\" content=\"Panne, blocage, lenteur, virus, r\u00e9cup\u00e9ration de donn\u00e9es Mot de passe oubli\u00e9 Changement de disque dur, installation m\u00e9moire Aide \u00e0 l&rsquo;utilisation des smartphones et tablettes Ordinateurs : Interventions sur Linux et Windows T\u00e9l\u00e9phones : Interventions sur LineageOS et Android Apple : quand on est \u00e0 la campagne je d\u00e9conseille d&rsquo;utiliser un ordinateur ou un t\u00e9l\u00e9phone Apple ... Lire la suite\" \/>\n<meta property=\"og:url\" content=\"https:\/\/ordirect.fr\/index.php\/services\/\" \/>\n<meta property=\"og:site_name\" content=\"Ordirect\" \/>\n<meta property=\"article:modified_time\" content=\"2026-01-29T20:53:59+00:00\" \/>\n<meta property=\"og:image\" content=\"https:\/\/ordirect.fr\/wp-content\/uploads\/2024\/01\/services2.jpeg\" \/>\n<meta name=\"twitter:card\" content=\"summary_large_image\" \/>\n<meta name=\"twitter:label1\" content=\"Dur\u00e9e de lecture estim\u00e9e\" \/>\n\t<meta name=\"twitter:data1\" content=\"2 minutes\" \/>\n<script type=\"application\/ld+json\" class=\"yoast-schema-graph\">{\"@context\":\"https:\\\/\\\/schema.org\",\"@graph\":[{\"@type\":\"WebPage\",\"@id\":\"https:\\\/\\\/ordirect.fr\\\/index.php\\\/services\\\/\",\"url\":\"https:\\\/\\\/ordirect.fr\\\/index.php\\\/services\\\/\",\"name\":\"Services - Ordirect\",\"isPartOf\":{\"@id\":\"https:\\\/\\\/ordirect.fr\\\/#website\"},\"primaryImageOfPage\":{\"@id\":\"https:\\\/\\\/ordirect.fr\\\/index.php\\\/services\\\/#primaryimage\"},\"image\":{\"@id\":\"https:\\\/\\\/ordirect.fr\\\/index.php\\\/services\\\/#primaryimage\"},\"thumbnailUrl\":\"https:\\\/\\\/ordirect.fr\\\/wp-content\\\/uploads\\\/2024\\\/01\\\/services2.jpeg\",\"datePublished\":\"2023-11-25T12:16:13+00:00\",\"dateModified\":\"2026-01-29T20:53:59+00:00\",\"breadcrumb\":{\"@id\":\"https:\\\/\\\/ordirect.fr\\\/index.php\\\/services\\\/#breadcrumb\"},\"inLanguage\":\"fr-FR\",\"potentialAction\":[{\"@type\":\"ReadAction\",\"target\":[\"https:\\\/\\\/ordirect.fr\\\/index.php\\\/services\\\/\"]}]},{\"@type\":\"ImageObject\",\"inLanguage\":\"fr-FR\",\"@id\":\"https:\\\/\\\/ordirect.fr\\\/index.php\\\/services\\\/#primaryimage\",\"url\":\"https:\\\/\\\/ordirect.fr\\\/wp-content\\\/uploads\\\/2024\\\/01\\\/services2.jpeg\",\"contentUrl\":\"https:\\\/\\\/ordirect.fr\\\/wp-content\\\/uploads\\\/2024\\\/01\\\/services2.jpeg\",\"width\":500,\"height\":283},{\"@type\":\"BreadcrumbList\",\"@id\":\"https:\\\/\\\/ordirect.fr\\\/index.php\\\/services\\\/#breadcrumb\",\"itemListElement\":[{\"@type\":\"ListItem\",\"position\":1,\"name\":\"Accueil\",\"item\":\"https:\\\/\\\/ordirect.fr\\\/\"},{\"@type\":\"ListItem\",\"position\":2,\"name\":\"Services\"}]},{\"@type\":\"WebSite\",\"@id\":\"https:\\\/\\\/ordirect.fr\\\/#website\",\"url\":\"https:\\\/\\\/ordirect.fr\\\/\",\"name\":\"Ordirect\",\"description\":\"Informatique\",\"potentialAction\":[{\"@type\":\"SearchAction\",\"target\":{\"@type\":\"EntryPoint\",\"urlTemplate\":\"https:\\\/\\\/ordirect.fr\\\/?s={search_term_string}\"},\"query-input\":{\"@type\":\"PropertyValueSpecification\",\"valueRequired\":true,\"valueName\":\"search_term_string\"}}],\"inLanguage\":\"fr-FR\"}]}<\/script>\n<!-- \/ Yoast SEO plugin. -->","yoast_head_json":{"title":"Services - Ordirect","robots":{"index":"index","follow":"follow","max-snippet":"max-snippet:-1","max-image-preview":"max-image-preview:large","max-video-preview":"max-video-preview:-1"},"canonical":"https:\/\/ordirect.fr\/index.php\/services\/","og_locale":"fr_FR","og_type":"article","og_title":"Services - Ordirect","og_description":"Panne, blocage, lenteur, virus, r\u00e9cup\u00e9ration de donn\u00e9es Mot de passe oubli\u00e9 Changement de disque dur, installation m\u00e9moire Aide \u00e0 l&rsquo;utilisation des smartphones et tablettes Ordinateurs : Interventions sur Linux et Windows T\u00e9l\u00e9phones : Interventions sur LineageOS et Android Apple : quand on est \u00e0 la campagne je d\u00e9conseille d&rsquo;utiliser un ordinateur ou un t\u00e9l\u00e9phone Apple ... Lire la suite","og_url":"https:\/\/ordirect.fr\/index.php\/services\/","og_site_name":"Ordirect","article_modified_time":"2026-01-29T20:53:59+00:00","og_image":[{"url":"https:\/\/ordirect.fr\/wp-content\/uploads\/2024\/01\/services2.jpeg","type":"","width":"","height":""}],"twitter_card":"summary_large_image","twitter_misc":{"Dur\u00e9e de lecture estim\u00e9e":"2 minutes"},"schema":{"@context":"https:\/\/schema.org","@graph":[{"@type":"WebPage","@id":"https:\/\/ordirect.fr\/index.php\/services\/","url":"https:\/\/ordirect.fr\/index.php\/services\/","name":"Services - Ordirect","isPartOf":{"@id":"https:\/\/ordirect.fr\/#website"},"primaryImageOfPage":{"@id":"https:\/\/ordirect.fr\/index.php\/services\/#primaryimage"},"image":{"@id":"https:\/\/ordirect.fr\/index.php\/services\/#primaryimage"},"thumbnailUrl":"https:\/\/ordirect.fr\/wp-content\/uploads\/2024\/01\/services2.jpeg","datePublished":"2023-11-25T12:16:13+00:00","dateModified":"2026-01-29T20:53:59+00:00","breadcrumb":{"@id":"https:\/\/ordirect.fr\/index.php\/services\/#breadcrumb"},"inLanguage":"fr-FR","potentialAction":[{"@type":"ReadAction","target":["https:\/\/ordirect.fr\/index.php\/services\/"]}]},{"@type":"ImageObject","inLanguage":"fr-FR","@id":"https:\/\/ordirect.fr\/index.php\/services\/#primaryimage","url":"https:\/\/ordirect.fr\/wp-content\/uploads\/2024\/01\/services2.jpeg","contentUrl":"https:\/\/ordirect.fr\/wp-content\/uploads\/2024\/01\/services2.jpeg","width":500,"height":283},{"@type":"BreadcrumbList","@id":"https:\/\/ordirect.fr\/index.php\/services\/#breadcrumb","itemListElement":[{"@type":"ListItem","position":1,"name":"Accueil","item":"https:\/\/ordirect.fr\/"},{"@type":"ListItem","position":2,"name":"Services"}]},{"@type":"WebSite","@id":"https:\/\/ordirect.fr\/#website","url":"https:\/\/ordirect.fr\/","name":"Ordirect","description":"Informatique","potentialAction":[{"@type":"SearchAction","target":{"@type":"EntryPoint","urlTemplate":"https:\/\/ordirect.fr\/?s={search_term_string}"},"query-input":{"@type":"PropertyValueSpecification","valueRequired":true,"valueName":"search_term_string"}}],"inLanguage":"fr-FR"}]}},"_links":{"self":[{"href":"https:\/\/ordirect.fr\/index.php\/wp-json\/wp\/v2\/pages\/77","targetHints":{"allow":["GET"]}}],"collection":[{"href":"https:\/\/ordirect.fr\/index.php\/wp-json\/wp\/v2\/pages"}],"about":[{"href":"https:\/\/ordirect.fr\/index.php\/wp-json\/wp\/v2\/types\/page"}],"author":[{"embeddable":true,"href":"https:\/\/ordirect.fr\/index.php\/wp-json\/wp\/v2\/users\/3"}],"replies":[{"embeddable":true,"href":"https:\/\/ordirect.fr\/index.php\/wp-json\/wp\/v2\/comments?post=77"}],"version-history":[{"count":56,"href":"https:\/\/ordirect.fr\/index.php\/wp-json\/wp\/v2\/pages\/77\/revisions"}],"predecessor-version":[{"id":559,"href":"https:\/\/ordirect.fr\/index.php\/wp-json\/wp\/v2\/pages\/77\/revisions\/559"}],"wp:attachment":[{"href":"https:\/\/ordirect.fr\/index.php\/wp-json\/wp\/v2\/media?parent=77"}],"curies":[{"name":"wp","href":"https:\/\/api.w.org\/{rel}","templated":true}]}}